e greatest common divisor of 45537 and 75.
3
Calculate the highest common divisor of 1695 and 2599.
113
Calculate the greatest common factor of 33 and 564069.
33
Calculate the greatest common factor of 504 and 11067.
21
Calculate the highest common divisor of 2328 and 39288.
24
What is the highest common factor of 82 and 9082?
2
What is the greatest common factor of 118 and 878?
2
What is the highest common factor of 168882 and 231?
21
What is the highest common divisor of 79 and 51587?
79
Calculate the highest common divisor of 6847 and 82.
41
What is the highest common divisor of 517141 and 47?
47
Calculate the highest common factor of 840 and 23856.
168
Calculate the greatest common divisor of 92 and 313513.
23
Calculate the greatest common divisor of 925 and 14600.
25
What is the highest common divisor of 127060 and 220?
20
What is the highest common factor of 276 and 2172?
12
What is the highest common factor of 828 and 1260?
36
Calculate the highest common factor of 15333 and 27.
3
Calculate the greatest common factor of 5890 and 3700.
10
Calculate the highest common factor of 609 and 357.
21
Calculate the highest common factor of 2387 and 343046.
341
What is the highest common factor of 7 and 324555?
7
Calculate the greatest common divisor of 728 and 277536.
56
Calculate the greatest common factor of 21093 and 3738.
267
Calculate the greatest common divisor of 657 and 37494.
9
What is the highest common factor of 5038 and 88?
22
Calculate the highest common factor of 480171 and 69.
69
Calculate the highest common factor of 1872 and 1287.
117
Calculate the greatest common factor of 83727 and 4158.
189
Calculate the highest common factor of 144 and 3958128.
144
Calculate the greatest common factor of 436 and 934348.
436
What is the greatest common divisor of 15 and 200610?
15
Calculate the highest common factor of 6228 and 3123.
9
What is the greatest common divisor of 3800 and 46360?
760
What is the highest common divisor of 29238 and 44?
22
Calculate the greatest common factor of 4709 and 259549.
277
Calculate the highest common factor of 87695 and 5.
5
What is the greatest common factor of 10 and 3920?
10
Calculate the highest common factor of 77166 and 54.
54
Calculate the highest common factor of 14 and 1173004.
14
What is the highest common factor of 931950 and 100?
50
Calculate the highest common factor of 680332 and 18112.
1132
Calculate the greatest common factor of 2529 and 774717.
843
Calculate the greatest common divisor of 270 and 143340.
30
What is the highest common factor of 13604 and 76?
76
Calculate the greatest common divisor of 2624 and 20008.
328
Calculate the highest common divisor of 11592 and 92568.
168
Calculate the highest common factor of 639534 and 378.
42
Calculate the highest common divisor of 38468 and 216.
4
Calculate the greatest common factor of 132 and 54996.
12
Calculate the greatest common divisor of 1288 and 2128.
56
Calculate the greatest common factor of 1196170 and 10.
10
What is the highest common factor of 180 and 2415?
15
What is the greatest common divisor of 145986 and 232?
58
What is the greatest common factor of 1233901 and 158?
79
What is the highest common factor of 95109 and 147?
147
Calculate the greatest common factor of 389108 and 16732.
356
Calculate the highest common divisor of 3484020 and 60.
60
Calculate the greatest common factor of 377 and 260507.
377
Calculate the greatest common divisor of 1328 and 6723.
83
Calculate the greatest common factor of 2067 and 135.
3
Calculate the highest common factor of 55385 and 935715.
2915
What is the greatest common divisor of 456 and 6954?
114
What is the highest common divisor of 440385 and 21195?
2355
What is the highest common factor of 405 and 238383?
81
Calculate the highest common factor of 900 and 1602225.
225
Calculate the highest common divisor of 16320 and 3502.
34
What is the greatest common factor of 21 and 453621?
21
Calculate the highest common factor of 29522 and 1450.
58
Calculate the greatest common factor of 144965 and 474.
79
Calculate the highest common divisor of 50422 and 272.
34
Calculate the greatest common divisor of 35 and 89481.
7
Calculate the highest common factor of 27968 and 1564.
92
What is the greatest common divisor of 180 and 451980?
180
What is the greatest common divisor of 25 and 2115?
5
What is the highest common divisor of 3434880 and 1920?
1920
Calculate the highest common divisor of 235178 and 68.
34
What is the greatest common factor of 1539 and 6270?
57
Calculate the highest common factor of 9855 and 3514293.
1971
What is the greatest common divisor of 1260 and 2941155?
315
Calculate the greatest common divisor of 89336 and 78.
26
What is the highest common factor of 381990 and 2975?
595
Calculate the highest common divisor of 1071399 and 5008.
313
Calculate the greatest common divisor of 1504 and 608.
32
Calculate the highest common factor of 1246744 and 101.
101
Calculate the highest common factor of 18650 and 90.
10
Calculate the greatest common divisor of 1154873 and 794.
397
Calculate the highest common factor of 238 and 28747.
17
Calculate the highest common divisor of 687 and 27938.
229
Calculate the greatest common factor of 10361225 and 175.
175
Calculate the highest common factor of 140621 and 2262.
377
What is the highest common divisor of 689454 and 18?
18
Calculate the highest common divisor of 255 and 615855.
15
Calculate the highest common factor of 949 and 7709.
13
What is the greatest common divisor of 19491 and 801?
267
What is the highest common factor of 105 and 197970?
15
What is the highest common factor of 155650 and 29998?
566
What is the highest common factor of 216 and 433404?
108
What is the greatest common divisor of 184968 and 2583?
63
What is the highest common factor of 175019 and 13?
13
Calculate the highest common factor of 98 and 13987050.
98
What is the greatest common divisor of 7678 and 682?
22
Calculate the greatest common factor of 1914747 and 43.
43
Calculate the highest common divisor of 158262 and 150.
6
What is the highest common divisor of 2417293 and 109?
109
Calculate the highest common factor of 111 and 34003.
37
What is the highest common divisor of 2891 and 60298?
413
Calculate the highest common factor of 96552 and 216.
216
Calculate the greatest common factor of 2841 and 304934.
947
What is the highest common divisor of 22410 and 11610?
270
Calculate the highest common factor of 315 and 55485.
45
What is the highest common factor of 11132 and 4301?
253
What is the greatest common factor of 28 and 53522?
14
Calculate the highest common factor of 156980 and 1837.
167
Calculate the greatest common factor of 88457 and 283730.
1669
Calculate the greatest common factor of 42579 and 1411.
83
Calculate the greatest common factor of 60432 and 10.
2
Calculate the highest common divisor of 3360 and 90080.
160
What is the highest common divisor of 1560713 and 77?
77
Calculate the highest common factor of 15912 and 26316.
612
What is the highest common factor of 2709 and 31003?
301
Calculate the greatest common factor of 588 and 110838.
294
What is the greatest common factor of 5812 and 36?
4
What is the highest common factor of 60134 and 1498?
214
What is the greatest common divisor of 31038 and 196?
14
Calculate the greatest common factor of 166500 and 180.
180
Calculate the highest common factor of 119768 and 704.
88
What is the greatest common divisor of 8964 and 3996?
108
Calculate the highest common divisor of 1748 and 6187.
23
Calculate the highest common factor of 30396 and 67497.
447
What is the greatest common divisor of 216 and 42579?
27
Calculate the highest common factor of 272619 and 69.
69
Calculate the highest common divisor of 18357 and 87.
87
Calculate the greatest common factor of 68 and 4460.
4
What is the greatest common factor of 108 and 24324?
12
What is the highest common divisor of 1218 and 1227?
3
What is the highest common factor of 57 and 877287?
57
Calculate the highest common divisor of 26 and 13294.
2
What is the highest common factor of 6241 and 237?
79
What is the highest common factor of 58804 and 20008?
244
Calculate the highest common divisor of 380 and 193724.
76
Calculate the greatest common divisor of 328 and 467318.
